ine a(-2).
0
Let u be (-4)/(-3) - 20/(-3). Let q(x) = -x**3 + 10*x**2 - 15*x - 6. What is q(u)?
2
Let q(x) be the second derivative of -1/6*x**3 + 3/2*x**2 - 5*x + 0. Give q(5).
-2
Let x(o) = -o**3 - 17*o**2 + 18*o + 6. Let c be x(-18). Let f be (108/45)/(3/10). Let i(j) = -f*j + 9*j + 2 + 1. Determine i(c).
9
Suppose 3*a - 19 = -4*l, -5*l + 3*a - 2*a + 19 = 0. Suppose l*r - 5*r = -1. Suppose -24 = -4*j + 2*w, 0 = -w + r + 1. Let c(i) = i**2 - 7*i - 6. Give c(j).
-6
Let n(f) = 3466 - 7*f - 6942 + 3471 - f**2. What is n(-6)?
1
Let k be -2 - 2 - (1 + 1). Let a(h) = -h - 10. Let i = 5 + -6. Let c(p) = -1. Let z(n) = i*a(n) + 2*c(n). What is z(k)?
2
Let w = 19 - 25. Let h = 2 - w. Suppose -5*t = -t - h. Let q(i) = -4*i**2 + 2*i + 2. What is q(t)?
-10
Let f be 52/(-8) + 5 - 50/(-4). Let p(a) = -a + 13. Give p(f).
2
Let h(d) = -7*d**3 - 4*d**2 - 20. Let s(q) = -11*q**3 - 4*q**2 - 30. Let y(p) = 8*h(p) - 5*s(p). What is y(-12)?
-10
Let r be (2/2)/1 - -3. Let s = 121 + -119. Let b(p) = -r*p**2 + 3*p**2 + 2*p**s - 5*p. Give b(6).
6
Let w(t) be the first derivative of 5*t**2/2 - t - 35. Let q(s) = 5*s - 1. Let n(d) = 5*q(d) - 6*w(d). Give n(4).
-19
Let y(o) = o**3 + 49*o**2 + 96*o + 96. Let z be y(-47). Let x(v) be the first derivative of v**3 - 4 - 2*v + 5/2*v**z - 1/4*v**4. Give x(4).
2
Let b(q) = 3*q - 1. Let d be 10/25 - 7/5. Let i be -50*(60/(-25))/(-6). Let p be d/(-4) - 15/i. What is b(p)?
2
Let u(g) = -7*g - 2. Let a(r) = -14*r - 32. Let n be a(-2). Calculate u(n).
26
Let i(x) = -x**2 + 4*x + 3. Suppose -70 = 4*k - 5*d, 42 = -4*k + d - 20. Let l = -17 - k. Calculate i(l).
-9
Let r(y) = y**3 + 14*y - y**2 + 28 + 18*y**2 - 64. Calculate r(-16).
-4
Suppose 27*n = -193 - 50. Let f(z) = -z**3 - 9*z**2 + 5*z + 10. Determine f(n).
-35
Let d(g) = -5*g**3 - 14*g**2 - 18. Let f(b) = -14*b**3 - 41*b**2 + b - 50. Let j(h) = 17*d(h) - 6*f(h). Calculate j(5).
39
Let w(u) = -u**2 - 14*u + 9. Let l be (-2)/(-5) + 1 + (-492)/30. What is w(l)?
-6
Let a be ((-40)/36)/(40/(-90))*-2. Let v(b) = -b**3 - 3*b**2 + 4*b. Give v(a).
30
Let g(c) = c - 4. Let d be g(4). Suppose -w - 1 + 4 = d. Let x(f) = -3*f + 10. Let j(y) = 3*y - 9. Let s(h) = -7*j(h) - 6*x(h). Give s(w).
-6
Let h(y) be the second derivative of 0 + 1/6*y**3 - 10*y + 9/2*y**2 + 1/12*y**4. What is h(0)?
9
Let i = -53 - -57. Let g(b) = -6 - 4*b**2 + 3*b + i + 4 + 5*b**2. Give g(-4).
6
Let g(z) = 7*z**2 - 5*z + 3. Let o(y) = y**2 - 2*y - 1. Let r(m) = g(m) - 6*o(m). Give r(-7).
9
Suppose -5*d - 2*r - 2*r = -6, 1 = 2*d + 3*r. Let j(v) = -4*v**d - 3*v - 3*v + 7*v + 0*v. Give j(1).
-3
Let v(d) = -d + 8. Let i = -693 - -705. What is v(i)?
-4
Let d(k) = 6*k + 2. Let x(b) = b + 1. Let a(s) = -d(s) - 2*x(s). Determine a(-5).
36
Suppose -3*x + 0 + 9 = 0. Suppose -12 = 5*t - x*g, 0 = 3*t + g + 4*g - 20. Suppose -4*s - 4 = -h, -3*h + 4*s + 0*s - 4 = t. Let m(n) = 2*n - 2. Give m(h).
-10
Let n(o) = -o**2 + 3*o - 2. Let l be 1/(-2) + 16/32. Suppose 2*x + 6 = l, 2*k - 2*x = -4*x + 2. What is n(k)?
-6
Suppose 0 = q - g + 5, -5*q - 32*g + 20 = -28*g. Let n(r) = 2*r + 10. Let p(v) = v + 1. Let k(c) = n(c) - 3*p(c). Determine k(q).
7
Suppose 0 = 3*z - 0*z + 4*h + 20, z - 5*h = 25. Let a(t) = 1 + 0*t + 4*t - t + z*t. Give a(-1).
-2
Suppose 3*i + 12 = -3*j, j = -2*j - 4*i - 16. Suppose j = 2*f - 3 + 13. Let n(c) be the second derivative of c**3/6 + 3*c**2/2 + 40*c. What is n(f)?
-2
Let p(u) be the third derivative of u**5/60 - 7*u**4/12 + 16*u**3/3 + 528*u**2. Calculate p(10).
-8
Let f be 354/472 - (1 - 18/8). Let z(n) = -6*n - 2. Let s(a) = 13*a + 4. Let v(g) = -2*s(g) - 5*z(g). Determine v(f).
10
Let o(a) = 1 + 7 - 3*a + 8*a**2 + 4 - a**3. Let y(b) = b**2 - 3*b - 2. Let h be y(5). Give o(h).
-12
Suppose 12 = 4*i + m + 4*m, 3*m - 12 = 0. Let t be 0*(-2)/(-8) - i. Let g(j) = -2*j - 7*j + 5*j - 3*j. Calculate g(t).
-14
Suppose -168*y + 157*y = -44. Let k(l) = -l**3 + 5*l**2 - l - 1. Determine k(y).
11
Let b be 0 + (0 - 2) + 3. Let k(u) be the first derivative of 5*u**3 + u**2 - u + 47. What is k(b)?
16
Let a(j) be the second derivative of -j**7/2520 + j**6/90 + j**5/24 - 3*j**4/2 - 17*j. Let r(l) be the third derivative of a(l). Give r(8).
5
Let h(q) be the first derivative of 2*q**3/3 - 41*q**2/2 + 21*q - 61. Let u be h(20). Let n(o) = 0 - 2 + 3 + 2*o. Calculate n(u).
3
Let m(w) = -w**3 + 5*w**2 + 6*w + 6. Let a = 16 + -10. Let h be m(a). Let g(x) = x**2 - 7*x + 8. Determine g(h).
2
Let j(g) be the first derivative of 4*g - 6 + 3/2*g**2. Let w = -2 - 1. Calculate j(w).
-5
Let o(a) = -a**3 - 10*a**2 - 2*a. Let t(z) = 2*z**3 + 19*z**2 + 5*z + 1. Let w(f) = -5*o(f) - 3*t(f). Give w(-7).
32
Let n(d) = -16*d**2 + 42*d + 3. Let k be n(3). Let v(a) = a**3 + 16*a**2 + 16*a + 17. Calculate v(k).
2
Let c(g) = -59*g + 57*g - 10 + g**2 + 3. Determine c(-3).
8
Suppose -79*a - 75 = 83. Let x(t) = -2*t**3 - 2*t**2 + 2*t. Determine x(a).
4
Let c = -24 + 29. Suppose 0 = -w - b, c = w - 5*b - 1. Let k(u) = 3*u**2 - 7*u - 5. Let v(j) = -3*j**2 + 6*j + 4. Let q(m) = -5*k(m) - 6*v(m). Give q(w).
3
Let v(a) = a - 4*a**2 + 8*a - 29 + 3*a + 3*a**2. Calculate v(8).
3
Let i = 20 - 15. Let r(h) = 7*h + 2*h**2 - 6*h**2 + 0*h**2 + h**3 - 2*h**2 - 7. What is r(i)?
3
Let q(f) = -1. Let n be ((-40)/(-55))/4 - (-26)/(-22). Let w be -1*((0 - -1) + 2). Let m(p) = -p - 1. Let x(z) = n*q(z) + w*m(z). Give x(-4).
-8
Let u = -18 - 9. Let v = -7 + -19. Let y = u - v. Let o(m) = 20*m**3 + m**2 - m - 1. What is o(y)?
-19
Let u(o) = -85*o**3 + 171*o**3 - 84*o**3 - 3*o + 1 - 2. Let w(s) = -s - 8. Let p be w(-6). What is u(p)?
-11
Suppose -5*x = 4*w - 8 + 46, 2*w + 4 = 0. Let j(m) be the first derivative of m**2/2 - 3*m - 477. Calculate j(x).
-9
Let o = 520 - 518. Let z(h) be the third derivative of 0*h**3 - 7*h**o + 0*h**4 + 0*h + 0 - 1/60*h**5. Give z(-4).
-16
Let s(z) = -2*z**2 - 2. Suppose -2*d = -5*n - 0*n + 7, -d = 3*n - 13. Suppose -4*l - 2*a + 34 = 6, -3*a + 24 = n*l. Suppose l = -3*f - 0*f. Give s(f).
-10
Let u(p) = -166*p - 13 + 297*p - 127*p. Determine u(3).
-1
Let d(t) = -123 + 52 - 8*t - t + 38. Calculate d(-5).
12
Let b(a) = -a - 4. Let g be (9/(-6))/(15/(-20)). Suppose 0 = -5*p + 18 + g. Determine b(p).
-8
Let v(g) = 3*g**3 - 2*g**2 - 6*g**3 + 5*g + 2*g**3 - 2*g**2. Let h be (4 + 1)/(1/(-1)). What is v(h)?
0
Let d(j) be the second derivative of 0*j**3 - 1/60*j**5 - 3*j - 5/2*j**2 + 0 + 1/8*j**4. Let l(z) be the first derivative of d(z). Give l(5).
-10
Suppose 0 = -14*l - 8*l + 176. Let u(m) = -m**3 + 8*m**2 + 2*m - 12. What is u(l)?
4
Suppose -5*v + 14 + 6 = 0. Let t be (-24)/96 - (-1)/v. Let l(n) = -n**2 - n + 12. Determine l(t).
12
Suppose 0 = l - 5*a - 90, 4*a - 58 = -l + a. Let d(g) = -g**3 + 10 - 11 + l*g**2 + 4*g - 66*g**2. Calculate d(5).
-6
Let q(n) be the third derivative of -n**5/60 - n**4/24 - n**3/3 - 81*n**2. Suppose -i = i. Suppose i = j + d - 2, 6*j = 2*j + 5*d - 28. Give q(j).
-4
Let q(f) = 3*f**2 + 6*f - 2. Suppose -3*y + 17 = 5*j + 3, 0 = 3*j - y. Let n(p) = -p**2 - p + 1. Let l(t) = j*q(t) + 5*n(t). Determine l(3).
-12
Suppose -5*w = -5*u - 2*w + 22, -18 = -u + 4*w. Let r(k) = -10*k**2 + 3*k. Determine r(u).
-34
Let v be 3 - -4*4/8. Suppose -2*u + 6 = -4*p - p, -v*p + 15 = 5*u. Let l(o) = 3*o**u + 4*o**2 - 2*o**3 + 2 + 0*o**3 - 1. Give l(-4).
1
Let l(h) = 19*h - 1. Let v(p) = p**2 - 2*p - 2. Let w be (12/36)/((-1)/(-9)). Suppose 0 = c - w - 0. Let s be v(c). Determine l(s).
18
Let a(w) = w - 1. Let l(r) = -3*r + 2. Let g be ((4 + -5)*-3)/(3/4). Let y(v) = g*a(v) + l(v). What is y(6)?
4
Let x(w) be the third derivative of -w**5/60 + w**4/24 + 7*w**3/3 + 103*w**2. Calculate x(6).
-16
Suppose -3*x = -32 + 8. Let y(z) be the third derivative of 1/120*z**6 + 3/8*z**4 + 14*z**2 + 0*z - 11/6*z**3 + 0 - 3/20*z**5. Give y(x).
-3
Let p(f) = f - 2*f - 1658*f**2 + f**3 + 1661*f**2. Suppose 11 - 3 = -2*w. Determine p(w).
-12
Let s(j) = -j**2 - 7*j - 3. Let y(g) = g**3 - 19*g**2 + 20*g - 25. Let h(n) = n**2. Let i(p) = -h(p) + y(p). Let k be i(19). Give s(k).
3
Suppose 5*j = -26 + 6. Let d(n) be the second derivative of -n**5/60 - n**4/8 - n**3/3 + n**2 + 2*n. Let w(b) be the first derivative of d(b). Determine w(j).
-6
Let d be (-1 - 0)*(-22)/22. Let o = 0 + d. Let n(c) = -6*c**3 - 3*c**2 + 4*c**2 - c**3. Determine n(o).
-6
Let v be (0 + 1/3)/(41